What is o(y)?
-4
Suppose -239 = -3*i + 4*r, i - 5*i + 328 = -3*r. Let g = i - 93. Let c(f) be the first derivative of -f**2/2 - 13*f - 1. Calculate c(g).
-5
Let b(p) = 332*p - 327*p - 3*p**2 + 5 - 11*p**2. Calculate b(-1).
-14
Let s be (-3 - (-2 + 2)) + 0. Let b(i) = 3462 - i - 6920 + 3459. Give b(s).
4
Suppose -q + 10 = 5*m + 11, -1 = q + 4*m. Let k(s) = -3*s**3 + s**2 - 7*s - 7. Give k(q).
4
Let j be 310/7 + (-78)/273. Let r(i) = 6*i + 11 - j - 2*i + 2*i. What is r(5)?
-3
Let n(w) be the first derivative of w**4/12 - 6*w**3 + w**2 + 50*w + 91. Let q(o) be the second derivative of n(o). Give q(21).
6
Let u(c) = -c + 2 + 5 - 1. Suppose -3*w = -3*n + 27, 2*n + 5 = 4*w + 17. Suppose 12*p + n = 14*p. Determine u(p).
0
Let m(q) = 3 - 38 + 7 + 2*q + 0 - 5. Determine m(13).
-7
Let g(y) be the first derivative of -2*y**3/3 + y - 215. Suppose 3*s - 24 = -s. Suppose 21*r - 18*r = s. What is g(r)?
-7
Let t(y) = y**3 + 5*y**2 + 6*y + 6. Let q(d) = 25*d - 230. Let h(k) = -k**3 + 8*k**2 + 9. Let l be h(8). Let r be q(l). Calculate t(r).
-24
Suppose 154*c + 749 + 945 = 0. Let k(y) = -2*y**2 - 19*y + 5. Give k(c).
-28
Let t(q) = 3*q**3 + 44*q**2 - 10*q + 112. Let a(z) = -z**3 - 15*z**2 + 3*z - 37. Let s(d) = 19*a(d) + 6*t(d). Determine s(-21).
32
Let n(h) = -18 + h + 14*h**2 - 2*h**3 + 28 + h**3 - 20. Give n(14).
4
Suppose 3*s = -v + 25, 13 - 18 = v. Let q(i) = i**2 - 8*i - 2. What is q(s)?
18
Let v be -5*((-42)/56 + 27/20). Let f(r) = 6*r + 17. Let d be f(v). Let k(q) = 9*q**2 - 2*q - 1. Determine k(d).
10
Let n(m) = 2 + 2*m - 4*m**2 - 2*m. Suppose x = 3*g - 2*g - 9, -5*x = 4*g + 72. Let j be (x/(-10))/(-8*30/(-400)). Give n(j).
-14
Let g(u) = -4*u + 24. Let d be g(8). Let m(x) = 2*x**2 + 16*x - 17. Let k(s) = 3. Let o(l) = -4*k(l) - m(l). Give o(d).
5
Let s(c) = 3*c + 10 - 10 - 4*c. Let i be s(4). Let d(h) = h + 6. Let v be d(i). Let y(k) = -10*k - 1. Calculate y(v).
-21
Let g(r) = -r**2 + 5*r + 8. Let p(t) = 26*t - 97. Let a = 33 - 29. Let j be p(a). Determine g(j).
-6
Let w(p) = p**3 - 16*p**2 - 37*p + 18. Let d be w(18). Suppose 0*g + 2*u = 2*g - 4, -4*g + u - 4 = d. Let r(k) = k**3 + 3*k**2 + 2*k + 2. Determine r(g).
2
Let u be (-42)/(-5) - (-1 + 35/25). Let i(l) = -4*l**3 + u + 5*l**3 - 7 - l**2. Let w(x) = -20*x**3 + 3*x**2 + x - 3. Let y(v) = -3*i(v) - w(v). What is y(1)?
16
Let u(p) be the second derivative of p**7/630 - p**6/360 - p**5/40 - 53*p**4/12 + 55*p. Let m(n) be the third derivative of u(n). Determine m(-2).
17
Let a = 158 + -142. Suppose -a*r + 210 = 5*r. Let d(f) = f - 11. Give d(r).
-1
Let u be ((-4)/(-6))/((-4)/(-8))*15. Suppose -3*a = -u*a. Let q(f) = -f + 15. Calculate q(a).
15
Let h(d) = -8*d**2 + 110892*d - 110910*d - 1 + 8 - 3 + 14. Give h(1).
-8
Let y(d) = 240*d - 475. Let a be y(2). Let c(l) = -3*l**2 + 4. Let i(p) = -2*p**2 - p + 3. Let q(z) = -3*c(z) + 4*i(z). Determine q(a).
5
Suppose -8 - 24 = 4*z. Let o be (10/5)/z + 26/8. Let m(d) = 3*d**3 + d - 5*d + 3*d**2 - 2 - 4*d**o + 10*d. What is m(4)?
6
Let h(x) be the first derivative of 2*x**2 - 1/6*x**4 - 1/6*x**3 + 9 - 9*x. Let g(d) be the first derivative of h(d). Determine g(3).
-17
Let k(o) be the first derivative of o**3/2 - 7*o**2/2 - 37*o + 37. Let r(q) be the first derivative of k(q). Give r(5).
8
Let v(m) = 26 + m**2 + m + 0*m - 27. Let g = -18 - 9. Let i = -29 - g. Calculate v(i).
1
Let x(n) = -n**2 + 6*n + 7. Let p be (68 - (-6)/(-2)) + 2/(-1). Suppose -7*g = -p - 147. Suppose g = -22*j + 27*j. What is x(j)?
7
Let w(i) be the second derivative of i**3/6 - 3*i**2/2 - 115*i + 1. Let t(u) = -2*u + 2. Let a(l) = -3*t(l) - 3*w(l). What is a(1)?
6
Let c(n) = -3*n**2 - 8. Let d(g) = -8*g**2 + 3*g - 27. Let z(a) = 3*c(a) - d(a). Calculate z(-2).
5
Let s(h) = h**3 + h**2 - 44*h. Let q(l) = 12*l**3 + 2*l**2 - 274*l. Let p(x) = -q(x) + 6*s(x). Determine p(-2).
44
Let c(m) = 29*m + 4 - 55*m - 3 - 16 + 39*m. What is c(-4)?
-67
Let c = 19 + -10. Suppose 3*g - j + 4 = 2*g, 2*j - c = g. Let d(h) be the second derivative of -5*h**3/3 + h**2/2 - 31476*h. Give d(g).
-9
Let i(r) = 10*r + 148. Let m(q) = 2*q + 30. Let a(g) = 3*i(g) - 14*m(g). Let z be a(-12). Let k(n) = -n**2 + 7. Determine k(z).
7
Let n = 942 + -944. Suppose -4*x + 6*x + 5*b - 24 = 0, 2*x - 4*b = -12. Let w(s) = -6 + 3 - 7*s - x*s. Determine w(n).
15
Let a(f) = 29*f + 90. Suppose 31*q + 3*l - 6 = 32*q, 0 = 4*q - l + 13. Determine a(q).
3
Suppose 0 = j - 3*v - 5, -5*j + 33*v - 37*v = -63. Let f(a) = -6*a + 56. What is f(j)?
-10
Let h(s) = -48*s**3 - 13*s**2 + 35*s - 1. Let j(d) = -7*d**3 - 2*d**2 + 5*d. Let a(c) = -6*h(c) + 41*j(c). Give a(5).
6
Let l = -1245 - -1240. Let y(a) = -a**2 - 3*a + 6. Give y(l).
-4
Let f(h) be the second derivative of h**4/2 + h**3/3 - h**2/2 - 2003*h. Let x(n) = -n**3 + 7*n**2 - 7*n - 2. Let r be x(5). Let y = r + -11. What is f(y)?
27
Let l(n) = n**2 + 8*n. Let j be l(-8). Suppose i = -j*i. Let w(s) = s - 5. Let q(v) = v - 7. Let a(u) = -3*q(u) + 2*w(u). Determine a(i).
11
Let a(g) be the first derivative of g**3 + 5*g - 70 - 1/4*g**4 + 3/2*g**2. Calculate a(4).
1
Let i(l) = -9*l**2 + 30*l**3 - 2 - 5 - 9*l**2 - 29*l**3 + 17*l. Let r(q) = q**2 + 11*q + 41. Let w be r(-3). Calculate i(w).
-7
Let j(z) = -13*z - 73370 - z**2 + 73381 + 12*z. Calculate j(-6).
-19
Let c(f) be the second derivative of f**6/240 - 2*f**5/15 + 149*f**4/12 - 55*f. Let k(m) be the third derivative of c(m). What is k(8)?
8
Let c(j) be the third derivative of 35*j**2 + 0*j**4 + 0 + j - 1/30*j**6 - 1/60*j**5 + 0*j**3. What is c(-1)?
3
Let c(m) = 400922*m - 200455*m - 6 - 200459*m + 2. Let u be (1 - 2)*12/(-2). What is c(u)?
44
Let c(i) = -i**2 + i - 2. Let h(q) = -2*q**3 - 7*q + 8. Let r(a) = 4*c(a) + h(a). Let d = -2 + 0. Let n = d + 0. Determine r(n).
6
Let v(u) = -u**3 + 3*u**2 - 2*u + 1. Let h be v(3). Let d(n) = 7*n - n**3 + 3 + 205019*n**2 - 5 + 2 - 205023*n**2. What is d(h)?
-10
Let v(b) = -b**3 + 6*b**2 - 6*b + 1. Let m = 36 - 6. Suppose -w = 5*u + 15, -2*w + 3*u + 2*u - m = 0. Let n be 1/((0 - 3)/w). Give v(n).
-4
Let g(h) = -h**3 - 9*h**2 - 12*h - 18. Let t be g(-8). Let w(q) = q**3 + 6*q**2 + t - 21 + 98*q - 92*q. What is w(-5)?
-12
Let r(g) = g - 4. Let w(q) = 3*q + 10. Let i(u) = 2*u + 5. Let k(o) = -5*i(o) + 3*w(o). Let d(a) = -5*k(a) - 6*r(a). Let p = -70 + 76. Calculate d(p).
-7
Let d(y) = -5*y - 3. Let h be (-2 - (3 - 6)) + 8/2. Suppose -12 = -2*i + 4*v, 2*i + h*v + 24 = -0*i. Give d(i).
7
Let a(s) be the first derivative of -1/8*s**4 - 1/2*s**3 + 42 + 0*s + 4*s**2. Let x(m) be the second derivative of a(m). Calculate x(-3).
6
Let i(o) be the first derivative of o**2 - o - 248. Give i(1).
1
Suppose 1696*o - 1690*o = 0. Let q(j) = -j**2 - 62. What is q(o)?
-62
Suppose -79 = -3*z - 5*v, -5*z + 0*z + 80 = -2*v. Suppose 1 = -17*b + z*b. Suppose -19*t + 20*t = b. Let h(a) = -4*a. Give h(t).
-4
Let l(u) be the second derivative of -u**5/20 + 4*u**4/3 + 59*u**3/6 - 27*u**2/2 - 179*u + 4. Give l(19).
11
Let m be -7*(31/434 - ((-9)/(-21))/3). Let d(u) be the third derivative of -1/8*u**4 + 0 + 0*u + 38*u**2 + m*u**3. Give d(5).
-12
Let z(n) = -67*n**2 + 68*n**2 - 4 - 787*n + 781*n. Determine z(6).
-4
Let q(p) = 30 - 63 + 24. Let b(o) = -o + 17. Let r(i) = 3*b(i) + 5*q(i). Give r(6).
-12
Suppose -2*a + 44 = 4*o - 8, -2*a = -2*o + 14. Let d(g) = -9*g + 12. Determine d(o).
-87
Let b(n) = -3*n**2 + 73*n - 17. Let r be b(24). Let l(c) = -r*c + 2*c + 4*c + 14 + 0. Give l(6).
8
Suppose -3*m + 8 = 4*o + 36, 0 = 3*o - 5*m + 50. Let u(s) = s**3 + 10*s**2 - s + 6. Determine u(o).
16
Suppose -13*l + 48 = -5*l. Suppose 0*z - l*z + 60 = 0. Let t be z + (-5 - 0 - 0). Let u(r) = r - 1. Give u(t).
4
Let b(m) = 5*m - 31. Let w(i) = -16*i + 95. Let x(y) = 19*b(y) + 6*w(y). Let n(v) = v + 16. Let r(s) = -6*n(s) - 5*x(s). What is r(8)?
-9
Let i(h) = h**2 + h - 2. Let p(s) = -s**2 - 14*s - 31. Let x be p(-10). Suppose -7*w - 23 + x = 0. Determine i(w).
0
Suppose -5*r + 0*y + 5*y = -870, -y = -2. Let m(f) = 180 - 350 - f + r + f**3. What is m(0)?
6
Let q(k) = k + 5. Let j = -35 + 64. Suppose j = -a + 3*c, 2*a = -2*a + 4*c - 124. Let x = 32 + a. What is q(x)?
5
Let q(s) = -6*s + 18 - 1 - 13 - 24. What is q(-2)?
-8
Let h be 3/9*(-51)/34 + 20/8. Let q(l) = -l**3 - 4*l**2 + 6*l + 3. What is q(h)?
-9
Suppose -2 = g + 4*p + 7, 19 = -4*g + 